e 0 = w + 5*m + 31, -2*w - 3*m = -13 + 61. Suppose 19 = 4*n + 3. Calculate the remainder when 2/6 + (-203)/w is divided by n.
2
Suppose 0 = 5*k + 4*u - 18, k + 5*u + 1 = 13. Let a(g) = 7 + 0*g**2 + 3*g + 3*g + 0*g**2 - g**k. What is the remainder when 13 is divided by a(6)?
6
Let k = 52 + -96. Let c = -16 - k. Calculate the remainder when c is divided by 10.
8
Let k = 48 + -22. What is the remainder when 51 is divided by k?
25
Let f = 2 + -3. Suppose -3*p - 5*z = 27 - 79, 0 = 3*p + z - 56. Calculate the remainder when p is divided by -5*(0/f - 2).
9
Suppose -h - 294 = -2*n - 2*n, -5*n = -2*h - 366. Calculate the remainder when n is divided by 19.
17
Let s be (-10)/(-25) - 2/5. Let m = 48 - -80. Suppose 5*h - m = -d - 0*d, s = -4*h + d + 97. What is the remainder when h is divided by 13?
12
Suppose 2*m = 2*p - 18, 2*m = -2*m - 12. Let y(q) = -20*q**3 - q. Let h = 7 + -8. What is the remainder when y(h) is divided by p?
3
Let o(t) = t + 10. Let k be o(-6). Suppose 3*q = 5*q - k. What is the remainder when (-2)/(-2 - q)*10 is divided by 4?
1
Let n(u) = u**3 - 4*u**2 - 4. Let v(k) = -3*k**3 + 2*k**2 + k. Let d be v(-1). Let r be n(d). Calculate the remainder when (2/r)/((-3)/156) is divided by 14.
12
What is the remainder when (-1 + -1)/((-14)/273) is divided by 21?
18
Suppose 2 = -0*r + 2*r. Let p be (1 - 0)*r*6. Calculate the remainder when 4 is divided by (1 + -3)*(-9)/p.
1
Let a = 4 + -4. Suppose -n - n + 33 = -j, a = 2*j + 2. What is the remainder when 31 is divided by n?
15
Suppose 2*m - 5*h - 24 = 0, 4*m = 3*h + 19 + 57. What is the remainder when m is divided by 5?
2
Let q = 6 + 21. What is the remainder when q is divided by 6?
3
Let r be (8 - -17)*12/(-10). What is the remainder when 48 is divided by ((-10)/r)/(1/75)?
23
Suppose -o + 76 = -0*o. Suppose 0 = -5*c - o + 281. What is the remainder when c is divided by 14?
13
Suppose -7*z - 447 = -10*z. Suppose -4*n + 99 = -z. What is the remainder when n is divided by 16?
14
Let w = -105 + 150. What is the remainder when w is divided by 16?
13
Suppose -6*r + 2*r = -w - 162, -70 = -2*r - 5*w. Let a = 85 - 53. Let q = a - 18. Calculate the remainder when r is divided by q.
12
Let f = -20 + 14. Calculate the remainder when 3/(-2)*136/f is divided by 12.
10
Let z(m) = 2 - 6*m + 2*m - 7. Suppose -5*h + 39 + 101 = 0. Calculate the remainder when h is divided by z(-5).
13
Let p(b) = -3*b - 5*b - b**2 - 2*b**3 + 3*b**3 + 5. What is the remainder when p(5) is divided by 22?
21
Let n(j) = j**3 - 6*j**2 + 3*j - 3. Let y = 87 - 33. Let v = -26 + y. Calculate the remainder when v is divided by n(6).
13
Let r(a) = 2*a + 1. Let x(p) = 2*p + 4. Let f be x(0). Calculate the remainder when 26 is divided by r(f).
8
Suppose g + 665 = 6*g - 4*j, 3*g = -j + 399. What is the remainder when g is divided by 34?
31
Suppose -4*p + 2*z + 4 = -2*z, z + 5 = -p. Let c = 8 + p. Calculate the remainder when 11 is divided by c.
5
Suppose -3*q = -28 - 11. Suppose -3*d = -144 - 135. Suppose 2*g = -21 + d. Calculate the remainder when g is divided by q.
10
Let n(w) = -3*w + 39. What is the remainder when n(12) is divided by 1?
0
Suppose 6*f = 736 - 178. Calculate the remainder when f is divided by 16.
13
Suppose -3*g - 4*z + 101 = 0, -3*g - 3*z + 172 = 2*g. Let w = 14 - 28. What is the remainder when g is divided by (2 - (-52)/w)*-7?
11
Suppose -5*d = -25, -4*h - 51 = -d - 2*d. Let l(a) = 14*a**2 - a - 1. What is the remainder when l(2) is divided by (h/2)/((-1)/4)?
17
Let r(h) = 21*h**3 + h**2 + 10*h**3 - 5*h**3. Let m(b) = 5*b**2 + 2*b. What is the remainder when r(1) is divided by m(1)?
6
Suppose -2*j - 2*j = -8. Let h(n) = n + 3. Calculate the remainder when 8 is divided by h(j).
3
Let u = 37 - 26. Calculate the remainder when 1 + 0/2 - -19 is divided by u.
9
Let i(g) = g**3 + 7*g**2 - 9*g + 2. Calculate the remainder when i(-8) is divided by -4 + ((-3)/3 - -11).
4
Let i = 334 - 234. What is the remainder when i is divided by 26?
22
Suppose -3*x - 355 = 2*x. Calculate the remainder when 34 is divided by x/(-4) + (-2)/(-8).
16
Suppose -h = -5*f + 13, -5*f + 7 = -4*h - 0*h. Suppose f*q + 30 = 8*q. What is the remainder when q is divided by 4?
2
Suppose -5*y - 3*t = -57, -5*t - 75 = -4*y - 22. What is the remainder when 57 is divided by y?
9
Let j = 2 + 9. What is the remainder when (0 + 106/1)*(-9)/(-18) is divided by j?
9
Let n = 9 + -5. Suppose n = -0*j + 4*j. Calculate the remainder when 2 is divided by j.
0
Let h = 20 + 4. Suppose h = 4*z + 4. Let y(u) = -3*u + 2. Calculate the remainder when y(-4) is divided by z.
4
Suppose -2*d - 63 = -5*d. Calculate the remainder when d is divided by (-2 - (-12)/3)/((-4)/(-16)).
5
Suppose 5*l = -0*q + 2*q - 39, -3*q + 3*l = -45. What is the remainder when 130 is divided by q?
10
Suppose 4*s + 2*j - 81 - 161 = 0, j + 251 = 4*s. What is the remainder when s is divided by 0 - 2*-2*4?
14
Let t(n) = -n**3 - n + 4. Let i be t(0). Suppose -5*d + 37 = -i*d. What is the remainder when d is divided by 13?
11
Suppose 14 = -3*u + 2. Let k = -4 - u. Suppose -4*z + 10 - 2 = k. What is the remainder when z is divided by 2?
0
Let k = -23 + 33. Suppose 0 = 2*u + 4*m - k, -25 = -5*u + 4*m - 3*m. Calculate the remainder when u is divided by 2.
1
Let w = -15 + 8. Let x = w - -13. Calculate the remainder when 10 is divided by x.
4
Suppose 0*o - 5*o + 15 = 0. Suppose x - o*x = -18. Suppose 5*t = -x + 94. Calculate the remainder when 33 is divided by t.
16
Suppose 0 = p - 0*p - 6. Suppose -1 = -u - p. Let f = -1 - u. Calculate the remainder when f is divided by 3.
1
Let w = 103 - 92. What is the remainder when 109 is divided by w?
10
Suppose 0 = -n + 5*w + 31, -n + 5*w + 7 = -4*n. Suppose -5*s = -11 - 4. Let b = s - 0. Calculate the remainder when n is divided by b.
0
Let i(p) = -1. Let x(h) = -h - 5. Let k(u) = -5*i(u) - x(u). What is the remainder when k(12) is divided by 6?
4
Let k(c) = 4*c**2 + 7*c + 4. Let o(j) = j**3 - 5*j**2 + 5*j - 2. Calculate the remainder when k(-2) is divided by o(4).
0
Let u(a) = -a**2 + 6*a + 12. Calculate the remainder when 19 is divided by u(7).
4
Let h(z) = z**2 + 12*z - 11. Let i be h(-13). Let y(o) = 2*o**3 + 3*o**2 - 2*o + 2. What is the remainder when y(i) is divided by 14?
12
Let l(r) = r**3 + r**2 - 3*r - 1. Let y = -7 - -5. Let p be l(y). What is the remainder when ((-39)/(-1) - 2)*p is divided by 13?
11
Let c(j) = j**2 - j - 7. Calculate the remainder when 42 is divided by c(-5).
19
Let k(r) = r - 3. Calculate the remainder when 11 is divided by k(7).
3
Suppose 0 = -d - 4, -4 = 5*b - 0*d + d. Suppose -5*i + b*i + 70 = 0. What is the remainder when i is divided by ((1 - 1) + -8)*-1?
6
Suppose -y - 4*i = -45 - 12, i = -2*y + 128. What is the remainder when y is divided by 22?
21
Let r be ((-12)/5)/(6/(-20)). Let v = -1 + r. Let w = v + -4. Calculate the remainder when 8 is divided by w.
2
Let n = 155 + -102. What is the remainder when n is divided by 7?
4
Let j(w) be the first derivative of -5*w**2 + w + 2. Calculate the remainder when j(-5) is divided by 13.
12
Suppose -2*x + 4 = -0*x. Suppose -2 = -q + x. Suppose -5*f + q = 2*b + 3, -4*f = b - 2. Calculate the remainder when f is divided by 1.
0
Suppose -103 - 52 = -5*c - 5*k, 0 = 2*c + k - 64. Let w = -17 + c. Calculate the remainder when 46 is divided by w.
14
Suppose 2*g + y = -y - 14, -g + 4*y - 22 = 0. What is the remainder when 16 is divided by (-8)/g*(-30)/(-4)?
4
Let o = 0 + 2. Suppose -4 = 2*p + 4*t - 7*t, 3*p - 4 = o*t. Suppose -v - u + 29 = 0, -2*v - p*u = -47 - 21. Calculate the remainder when v is divided by 13.
11
What is the remainder when 2*4/(16/292) is divided by 37?
35
Suppose 3*p + 24 = 2*j, -2*j + 6 + 2 = 5*p. What is the remainder when (4*2)/(j - 7) is divided by 2?
0
Suppose -z + 2*z = 1. Suppose -2*n + 14 = -0*p + 4*p, n - 3*p + 8 = 0. Calculate the remainder when z is divided by n.
0
Suppose -4*g = -12 - 16. What is the remainder when 25 is divided by g?
4
Suppose -2*f - 49 - 103 = 0. Let z = f - -135. Calculate the remainder when z is divided by 15.
14
Suppose -20 = -0*w - 5*w. Suppose g - 2*g + w = 0. Calculate the remainder when g is divided by 3.
1
Let k = 19 - -58. What is the remainder when k is divided by 16?
13
Let i(t) be the third derivative of -t**5/60 + 11*t**4/24 - 13*t**3/6 